{"id":7267,"date":"2023-08-25T13:53:05","date_gmt":"2023-08-25T13:53:05","guid":{"rendered":"http:\/\/srv250.teste.website\/~soniclearcom\/temp\/?post_type=product&#038;p=7267"},"modified":"2024-09-25T22:06:03","modified_gmt":"2024-09-26T01:06:03","slug":"mascara-facial-flexivel-adulto","status":"publish","type":"product","link":"https:\/\/soniclear.com.br\/temp\/product\/mascara-facial-flexivel-adulto\/","title":{"rendered":"M\u00e1scara facial flex\u00edvel adulto"},"content":{"rendered":"<p>Anat\u00f4mica e flex\u00edvel, a m\u00e1scara para inala\u00e7\u00e3o tamanho infantil \u00e9 ideal para as crian\u00e7as. \u00c9 produzida com mat\u00e9ria prima de qualidade que n\u00e3o marca nem machuca o rosto<\/p>\n","protected":false},"excerpt":{"rendered":"<p>Anat\u00f4mica e flex\u00edvel, a m\u00e1scara para inala\u00e7\u00e3o tamanho infantil \u00e9 ideal para as crian\u00e7as. \u00c9 produzida com mat\u00e9ria prima de qualidade que n\u00e3o marca nem machuca o rosto<\/p>\n","protected":false},"featured_media":8399,"comment_status":"open","ping_status":"closed","template":"","meta":{"_acf_changed":false},"product_cat":[175],"product_tag":[],"class_list":["post-7267","product","type-product","status-publish","has-post-thumbnail","product_cat-componentes-e-acessorios","first","instock","shipping-taxable","product-type-simple"],"acf":[],"_links":{"self":[{"href":"https:\/\/soniclear.com.br\/temp\/wp-json\/wp\/v2\/product\/7267","targetHints":{"allow":["GET"]}}],"collection":[{"href":"https:\/\/soniclear.com.br\/temp\/wp-json\/wp\/v2\/product"}],"about":[{"href":"https:\/\/soniclear.com.br\/temp\/wp-json\/wp\/v2\/types\/product"}],"replies":[{"embeddable":true,"href":"https:\/\/soniclear.com.br\/temp\/wp-json\/wp\/v2\/comments?post=7267"}],"wp:featuredmedia":[{"embeddable":true,"href":"https:\/\/soniclear.com.br\/temp\/wp-json\/wp\/v2\/media\/8399"}],"wp:attachment":[{"href":"https:\/\/soniclear.com.br\/temp\/wp-json\/wp\/v2\/media?parent=7267"}],"wp:term":[{"taxonomy":"product_cat","embeddable":true,"href":"https:\/\/soniclear.com.br\/temp\/wp-json\/wp\/v2\/product_cat?post=7267"},{"taxonomy":"product_tag","embeddable":true,"href":"https:\/\/soniclear.com.br\/temp\/wp-json\/wp\/v2\/product_tag?post=7267"}],"curies":[{"name":"wp","href":"https:\/\/api.w.org\/{rel}","templated":true}]}}

Máscara facial flexível adulto

<p>Anatômica e flexível, a máscara para inalação tamanho infantil é ideal para as crianças. É produzida com matéria prima de qualidade que não marca nem machuca o rosto</p>
